311
Convert 10220100 (base 3) to base 11.
2156
Convert 55551 (base 6) to base 7.
31441
What is -1106 (base 10) in base 16?
-452
-6963 (base 10) to base 4
-1230303
What is 4bb6 (base 13) in base 15?
32eb
589 (base 15) to base 12
886
Convert 3c47 (base 15) to base 3.
122200111
-788 (base 10) to base 16
-314
-45 (base 16) to base 9
-76
Convert 178 (base 11) to base 5.
1311
What is -1000000000001001 (base 2) in base 14?
-bd33
Convert 2121212 (base 3) to base 11.
148a
What is -1075 (base 8) in base 10?
-573
Convert -1405 (base 11) to base 6.
-12232
1 (base 5) to base 7
1
Convert 2454 (base 16) to base 10.
9300
Convert -22130001 (base 4) to base 14.
-1181b
What is 221 (base 7) in base 6?
305
Convert -1101201 (base 4) to base 15.
-182c
Convert -10415 (base 7) to base 3.
-10120122
What is 11202112 (base 3) in base 8?
6616
1000100 (base 2) to base 16
44
Convert 101100010000010 (base 2) to base 14.
8386
Convert 12ab (base 13) to base 9.
3603
Convert -4098 (base 10) to base 11.
-3096
Convert -10011220211 (base 3) to base 12.
-302b7
What is -3493 (base 13) in base 9?
-11117
-702 (base 13) to base 10
-1185
What is -10101111010 (base 2) in base 13?
-83b
1211 (base 4) to base 9
122
What is 10101111 (base 2) in base 4?
2233
What is 1000222 (base 3) in base 13?
461
Convert -47215 (base 8) to base 3.
-1000120210
What is 255 (base 9) in base 12?
158
-267 (base 10) to base 14
-151
Convert 362 (base 7) to base 3.
21002
11000111111011 (base 2) to base 7
52206
What is -4486 (base 10) in base 3?
-20011011
Convert -287 (base 14) to base 12.
-367
What is -200021102 (base 3) in base 10?
-13322
a08 (base 15) to base 13
1049
Convert -1100000200 (base 3) to base 14.
-97dc
Convert -a3a9 (base 16) to base 13.
-160bb
Convert -2ec (base 15) to base 10.
-672
Convert -20221 (base 3) to base 7.
-355
What is 201000 (base 6) in base 2?
11110110011000
What is 516b (base 12) in base 4?
2022203
Convert -2931 (base 16) to base 15.
-31d0
Convert 2843 (base 12) to base 10.
4659
-3399 (base 10) to base 6
-23423
Convert -4895 (base 14) to base 16.
-3183
What is -35420 (base 10) in base 8?
-105134
Convert -6825 (base 12) to base 13.
-5345
-23202 (base 4) to base 16
-2e2
Convert -2606 (base 12) to base 10.
-4326
3d6b (base 14) to base 9
15823
What is 4321 (base 5) in base 13?
361
What is 32201 (base 4) in base 3?
1021102
Convert 303 (base 8) to base 2.
11000011
What is 32 (base 10) in base 9?
35
-1122220201 (base 3) to base 12
-16b47
What is 26975 (base 10) in base 6?
324515
49a7 (base 16) to base 9
27770
-726a (base 11) to base 13
-4502
Convert 514 (base 11) to base 13.
389
-b30 (base 14) to base 9
-3012
What is -1201 (base 7) in base 14?
-238
Convert -3774 (base 8) to base 12.
-1224
Convert 2341 (base 13) to base 14.
1b3c
What is 653 (base 10) in base 11?
544
1102 (base 5) to base 8
230
What is 30235 (base 6) in base 12?
237b
31042 (base 5) to base 11
1579
-121214 (base 5) to base 15
-153e
26187 (base 9) to base 7
102322
Convert -24c (base 15) to base 12.
-376
What is 1000001101 (base 3) in base 5?
1112340
Convert 2736 (base 8) to base 7.
4244
531 (base 12) to base 14
3c1
-101311 (base 4) to base 12
-7b1
-1d4b (base 14) to base 6
-40451
Convert 9a5 (base 15) to base 7.
6233
Convert -110100110 (base 2) to base 16.
-1a6
Convert -64c7 (base 13) to base 3.
-201020022
Convert -110243 (base 5) to base 13.
-1981
Convert -1212 (base 9) to base 4.
-32012
What is 322303 (base 5) in base 8?
25311
-18311 (base 13) to base 15
-dc58
-111101100 (base 2) to base 5
-3432
What is -6ac4 (base 15) in base 5?
-1211214
Convert 5093 (base 12) to base 16.
222f
Convert -2e1 (base 16) to base 9.
-1008
Convert 3161 (base 7) to base 9.
1475
2210330 (base 4) to base 8
24474
What is -1232423 (base 5) in base 14?
-8b05
-33004 (base 5) to base 9
-3074
What is -2c29 (base 14) in base 9?
-11722
Convert -1005120 (base 6) to base 16.
-baa8
-101010110111 (base 2) to base 6
-20411
102120111 (base 3) to base 14
3109
23030332 (base 4) to base 11
31525
Convert -136 (base 8) to base 4.
-1132
Convert 100001011 (base 2) to base 8.
413
1001011011001 (base 2) to base 9
6551
What is 231023 (base 4) in base 9?
3862
351 (base 10) to base 4
11133
-3105 (base 7) to base 5
-13313
Convert -1b3b (base 15) to base 12.
-3502
Convert 11302 (base 8) to base 15.
1652
Convert -131 (base 9) to base 6.
-301
102003 (base 4) to base 13
6ab
Convert 1042 (base 9) to base 11.
638
20 (base 12) to base 14
1a
Convert -2120011 (base 3) to base 5.
-24432
a395 (base 13) to base 8
54107
What is 10330 (base 4) in base 7?
631
What is -347 (base 10) in base 11?
-296
What is -1442 (base 10) in base 6?
-10402
5391 (base 10) to base 8
12417
What is -1160 (base 7) in base 15?
-1de
507 (base 11) to base 13
381
What is 77 (base 13) in base 12?
82
What is 9d62 (base 15) in base 12?
173a8
2012112 (base 3) to base 12
b1b
Convert -2533 (base 10) to base 2.
-100111100101
-eb36 (base 15) to base 6
-1022240
What is -6c5b (base 13) in base 14?
-57dc
39d (base 15) to base 7
2254
Convert -22815 (base 12) to base 10.
-46097
266 (base 13) to base 2
110100110
What is -11807 (base 10) in base 4?
-2320133
Convert -2200220 (base 3) to base 12.
-1180
-1155 (base 12) to base 16
-791
-27 (base 16) to base 12
-33
What is 2204 (base 5) in base 11?
257
Convert 3251 (base 6) to base 2.
1011101111
Convert 784 (base 10) to base 7.
2200
What is 9335 (base 13) in base 7?
113153
37331 (base 10) to base 5
2143311
13567 (base 9) to base 13
426a
6881 (base 15) to base 9
33364
112103 (base 5) to base 8
7674
What is -7675 (base 11) in base 8?
-23615
Convert -140c9 (base 14) to base 9.
-74886
Convert 1197 (base 16) to base 12.
2733
Convert -253333 (base 7) to base 16.
-b6e3
Convert -1040330 (base 5) to base 10.
-18215
Convert -76 (base 16) to base 11.
-a8
Convert -c1aa (base 15) to base 4.
-21332311
-303 (base 9) to base 13
-15c
Convert 11b (base 16) to base 7.
553
-2711 (base 9) to base 3
-2210101
Convert -486 (base 10) to base 8.
-746
What is 236 (base 9) in base 4?
3003
1141 (base 7) to base 13
265
-80 (base 16) to base 6
-332
-128 (base 10) to base 4
-2000
What is 20234 (base 5) in base 3?
1210212
What is c23 (base 16) in base 8?
6043
Convert -3b48 (base 12) to base 11.
-5144
Convert -24402 (base 6) to base 9.
-4842
What is -111667 (base 8) in base 7?
-215151
What is -135 (base 10) in base 2?
-10000111
What is 146 (base 10) in base 4?
2102
-3a298 (base 12) to base 7
-451631
Convert -1004 (base 6) to base 4.
-3130
Convert 1011111111 (base 2) to base 5.
11032
What is -c75 (base 14) in base 4?
-212113
Convert -32348 (base 9) to base 11.
-15110
What is 415a (base 12) in base 3?
100202221
What is -123 (base 7) in base 3?
-2110
What is -828 (base 15) in base 2?
-11100101110
112143 (base 5) to base 6
30424
Convert 11000101010 (base 2) to base 4.
120222
-10d (base 14) to base 5
-1314
-2683 (base 15) to base 11
-61a6
Convert -1220 (base 4) to base 7.
-206
797 (base 13) to base 9
1712
Convert -6079 (base 12) to base 8.
-24335
-12a7 (base 11) to base 4
-122122
What is -11001110011010 (base 2) in base 6?
-141054
Convert 24946 (base 11) to base 7.
206133
20554 (base 7) to base 3
20222101
-424 (base 11) to base 14
-286
59ac (base 13) to base 6
134320
What is -511 (base 8) in base 15?
-16e
What is 1275 (base 9) in base 15?
43e
Convert 50323 (base 6) to base 16.
19cb
Convert 425523 (base 6) to base 2.
1000100010011011
Convert -100011111000 (base 2) to base 8.
-4370
-b3b (base 14) to base 6
-14121
What is 1000110110011 (base 2) in base 7?
16132
Convert 4072 (base 12) to base 7.
26255
Convert 3360 (base 9) to base 13.
1191
1012122202 (base 3) to base 8
56377
-110210012 (base 3) to base 7
-36113
Convert -114441 (base 8) to base 7.
-222201
Convert 10301 (base 7) to base 5.
40144
What is 840 (base 10) in base 2?
1101001000
Convert -1337 (base 10) to base 16.
-539
Convert -101101011001101 (base 2) to base 16.
-5acd
Convert 10614 (base 11) to base 3.
210002201
Convert 343 (base 10) to base 15.
17d
-713 (base 10) to base 6
-3145
Convert -46424 (base 7) to base 16.
-2e64
What is -1000000001000 (base 2) in base 3?
-12122000
What is 132030 (base 5) in base 2?
1010010010001
Convert 306226 (base 7) to base 2.
1100110101110101
What is -8a (base 13) in base 2?
-1110010
What is -315 (base 13) in base 8?
-1015
Convert -816 (bas